{"version":"1.0","type":"rich","width":"560px","height":"140px","title":"Folge 4 &#8211; Infotag - In dieser Folge bekommt ihr einen Einblick zum diesj\u00e4hrigen Tag der offenen T\u00fcr an unserer Schule. Seid ganz gespannt und viel Spa\u00df.","url":"https:\/\/martha-fuchs-schule.de\/2026\/02\/26\/folge-4\/","author_name":"Martha und wir - Der Podcast aus der Martha-Fuchs-Schule in Braunschweig","author_url":"https:\/\/martha-fuchs-schule.de","thumbnail_url":"https:\/\/martha-fuchs-schule.de\/wp-content\/uploads\/podlove-media\/cover-1.png","html":"<iframe width=\"560px\" height=\"140px\" src=\"https:\/\/martha-fuchs-schule.de\/2026\/02\/26\/folge-4\/?standalonePlayer\"><\/iframe>"}

Folge 4 &#8211; Infotag - In dieser Folge bekommt ihr einen Einblick zum diesjährigen Tag der offenen Tür an unserer Schule. Seid ganz gespannt und viel Spaß.
